{"id":109,"date":"2014-06-04T16:40:44","date_gmt":"2014-06-04T16:40:44","guid":{"rendered":"http:\/\/drwipp.wvps46-163-68-166.dedicated.hosteurope.de\/?page_id=109"},"modified":"2015-03-16T15:39:24","modified_gmt":"2015-03-16T14:39:24","slug":"krane","status":"publish","type":"page","link":"http:\/\/dr-wipp.com\/?page_id=109","title":{"rendered":"Krane"},"content":{"rendered":"<p><span style=\"text-decoration: underline;\">Kranf\u00fchrerkurs &#8211; Flurgesteuerte Krane<\/span><\/p>\n<p><a href=\"http:\/\/dr-wipp.com\/wp-content\/uploads\/2014\/06\/Laufkran.jpg\"><img loading=\"lazy\" decoding=\"async\" class=\"size-medium wp-image-110 aligncenter\" src=\"http:\/\/dr-wipp.com\/wp-content\/uploads\/2014\/06\/Laufkran-250x149.jpg\" alt=\"Laufkran\" width=\"250\" height=\"149\" srcset=\"http:\/\/dr-wipp.com\/wp-content\/uploads\/2014\/06\/Laufkran-250x149.jpg 250w, http:\/\/dr-wipp.com\/wp-content\/uploads\/2014\/06\/Laufkran-120x71.jpg 120w, http:\/\/dr-wipp.com\/wp-content\/uploads\/2014\/06\/Laufkran-215x128.jpg 215w, http:\/\/dr-wipp.com\/wp-content\/uploads\/2014\/06\/Laufkran-201x120.jpg 201w, http:\/\/dr-wipp.com\/wp-content\/uploads\/2014\/06\/Laufkran-200x119.jpg 200w, http:\/\/dr-wipp.com\/wp-content\/uploads\/2014\/06\/Laufkran.jpg 300w\" sizes=\"auto, (max-width: 250px) 100vw, 250px\" \/><\/a><\/p>\n<p>In <strong>Tageskursen<\/strong> w\u00e4hrend der Arbeitszeit und in Wochenendkurse k\u00f6nnen Sie die Ausbildung zum gepr\u00fcften Kranfahrer erhalten. Die Kurse finden immer dann statt, wenn mindestens 14 Anmeldungen vorliegen. Bitte reservieren Sie sich Ihren Ausbildungstermin gleich.<\/p>\n<p><strong>Gem\u00e4\u00df \u00a7 3 der Fachkenntnisnachweis-Verordnung &#8211; FK-V<\/strong>&#8211; \u00fcber den Nachweis der Fachkenntnisse f\u00fcr bestimmte Arbeiten \u2013 <strong>BGBl. II Nr. 13\/2007<\/strong>, ist eine theoretische Ausbildung f\u00fcr das Vermitteln der erforderlichen Fachkenntnisse zum F\u00fchren von Kranen \u201eflurgesteuerte Krane\u201c von insgesamt 8 Stunden vorgeschrieben. Im Anschluss an diese Ausbildung findet eine Pr\u00fcfung laut ArbeitnehmerInnenschutzgesetz und der oben genannten Verordnung zur Erlangung der Berechtigung zum F\u00fchren von flurgesteuerten Kranen statt.<\/p>\n<p>Wochenkurse (Einzelteilnahme):Zeit:Montag und Mittwoch von 8.30 Uhr bis 12.00 Uhr (Theorie)<\/p>\n<p>Mittwoch Nachmittag ca. 14.30 Uhr (Praxis und Pr\u00fcfung)<\/p>\n<p>Kosten: Auf Anfrage (exkl. 1x \u20ac 13,00 Bundesabgabe und 2x Passfoto)<\/p>\n<p>Im Preis sind Kursgeb\u00fchr, Pr\u00fcfungsgeb\u00fchr, und Skripten enthalten.<\/p>\n<p>Wochenendkurse (Einzelteilnahme):Zeit:2 Samstage von 8.30 Uhr bis 12.00 Uhr<\/p>\n<p>Kosten: Auf Anfrage (exkl. 1x \u20ac 13,08 Bundesabgabe und 2x Passfoto)<\/p>\n<p>Im Preis sind Kursgeb\u00fchr, Pr\u00fcfungsgeb\u00fchr, und Skripten enthalten.<\/p>\n<p>Gruppenteilnahme: Kurskosten:<\/p>\n<p>Auf Anfrage.<br \/>\nIn diesen Preisen sind alle Kosten f\u00fcr Skripten, Pr\u00fcfungsgeb\u00fchr und die Ausstellung der F\u00fchrer-scheine enthalten. Jeder Teilnehmer muss f\u00fcr seinen Ausweis die erforderliche \u20ac 13,00 Bundes-abgabe und 2 Stk. Passfotos mitnehmen.<\/p>\n<p>R\u00fccktritt:<\/p>\n<p>Bitte haben Sie Verst\u00e4ndnis daf\u00fcr, dass ich Stornierungen nur schriftlich anerkennen kann. Bei R\u00fccktritt bis 10 Tage vor Kursbeginn kostenfrei, innerhalb von 10 Arbeitstagen vor der Veranstaltung muss ich 25% des Teilnahmebetrages, bei R\u00fccktritt am Veranstaltungstag sowie bei Nichterscheinen den gesamten Teilnahmebeitrag verrechnen. Ich akzeptieren aber gerne einen Ersatzteilnehmer.<\/p>\n<p>Vortragende:<\/p>\n<p>Prof. Dipl.-Ing. Dr.techn. Gerhard Wipp, Zivilingenieur f\u00fcr Maschinenbau,Abteilungsvorstand i.R. der h\u00f6heren Lehranstalt f\u00fcr Berufst\u00e4tige f\u00fcr Maschinenbau an der HTL Wien Ottakring.<\/p>\n<p>Ing. Stefan Schamberger, Absolvent der HTL Steyr , Mitarbeiter der Zivilingenieur-Kanzlei Prof. Dr. Wipp, ehemaliger Student der technischen Physik an der Technischen Universit\u00e4t Wien.<\/p>\n<p>Inhalt:<\/p>\n<p>Ausbildung entsprechend den Grunds\u00e4tzen f\u00fcr die Ausbildung f\u00fcr das F\u00fchren von flurgesteuerten Kranen (\u00a7 3 der Verordnung BGBl. II Nr. 13\/2007).<\/p>\n<p>Die notwendigen Fachkenntnisse f\u00fcr das F\u00fchren von flurgesteuerten Kranen umfassen Kenntnis-se auf folgenden Gebieten, soweit diese f\u00fcr eine solche T\u00e4tigkeit von Bedeutung sind:<\/p>\n<p>Grundbegriffe der Mechanik<\/p>\n<p>Aufbau und Arbeitsweise von Kranen, Kranbahn<\/p>\n<p>Mechanische und elektrische Ausr\u00fcstung von Kranen, Tragmittel<\/p>\n<p>Sicherheitseinrichtungen von Kranen, Schutzma\u00dfnahmen gegen zu hohe Ber\u00fchrungsspannung<\/p>\n<p>Betrieb und Wartung von Kranen, Verst\u00e4ndigungszeichen beim Kranbetrieb, Lastaufnahmemittel, Anh\u00e4ngen von Lasten<\/p>\n<p>Rechtsvorschriften und Richtlinien f\u00fcr den Kranbetrieb<\/p>\n<p>Praktische Bedienung von Kranen<\/p>\n<p>Anmeldung:<\/p>\n<p>Schriftlich bis 10 Arbeitstage vor Kursbeginn.<\/p>\n<p>Theoriekurse:<\/p>\n<p>Bei Ihnen im Hause (wenn gew\u00fcnscht oder bei einem Exklusiv-Kurs) oder im Vortragssaal einer anderen teilnehmenden Firma. Der genaue Ort wird rechtzeitig vor Kursbeginn bekanntgegeben.<\/p>\n<p>Praxiskurs:<\/p>\n<p>Der Praxisteil und die Pr\u00fcfung findet direkt bei Ihnen im Hause an Ihren Anlagen statt.<\/p>\n","protected":false},"excerpt":{"rendered":"<p>Kranf\u00fchrerkurs &#8211; Flurgesteuerte Krane In Tageskursen w\u00e4hrend der Arbeitszeit und in Wochenendkurse k\u00f6nnen Sie die Ausbildung zum gepr\u00fcften Kranfahrer erhalten. Die Kurse finden immer dann statt, wenn mindestens 14 Anmeldungen vorliegen. Bitte reservieren Sie sich Ihren Ausbildungstermin gleich. Gem\u00e4\u00df \u00a7 3 der Fachkenntnisnachweis-Verordnung &#8211; FK-V&#8211; \u00fcber den Nachweis der Fachkenntnisse f\u00fcr bestimmte Arbeiten \u2013 BGBl. [&hellip;]<\/p>\n","protected":false},"author":1,"featured_media":0,"parent":0,"menu_order":0,"comment_status":"closed","ping_status":"closed","template":"","meta":{"footnotes":""},"class_list":["post-109","page","type-page","status-publish","hentry"],"_links":{"self":[{"href":"http:\/\/dr-wipp.com\/index.php?rest_route=\/wp\/v2\/pages\/109","targetHints":{"allow":["GET"]}}],"collection":[{"href":"http:\/\/dr-wipp.com\/index.php?rest_route=\/wp\/v2\/pages"}],"about":[{"href":"http:\/\/dr-wipp.com\/index.php?rest_route=\/wp\/v2\/types\/page"}],"author":[{"embeddable":true,"href":"http:\/\/dr-wipp.com\/index.php?rest_route=\/wp\/v2\/users\/1"}],"replies":[{"embeddable":true,"href":"http:\/\/dr-wipp.com\/index.php?rest_route=%2Fwp%2Fv2%2Fcomments&post=109"}],"version-history":[{"count":3,"href":"http:\/\/dr-wipp.com\/index.php?rest_route=\/wp\/v2\/pages\/109\/revisions"}],"predecessor-version":[{"id":391,"href":"http:\/\/dr-wipp.com\/index.php?rest_route=\/wp\/v2\/pages\/109\/revisions\/391"}],"wp:attachment":[{"href":"http:\/\/dr-wipp.com\/index.php?rest_route=%2Fwp%2Fv2%2Fmedia&parent=109"}],"curies":[{"name":"wp","href":"https:\/\/api.w.org\/{rel}","templated":true}]}}