{"id":130,"date":"2014-06-04T16:53:28","date_gmt":"2014-06-04T16:53:28","guid":{"rendered":"http:\/\/drwipp.wvps46-163-68-166.dedicated.hosteurope.de\/?page_id=130"},"modified":"2014-06-04T16:53:28","modified_gmt":"2014-06-04T16:53:28","slug":"unternehmensprofil","status":"publish","type":"page","link":"http:\/\/dr-wipp.com\/?page_id=130","title":{"rendered":"Unternehmensprofil"},"content":{"rendered":"<p><span style=\"text-decoration: underline;\">Unternehmensprofil<\/span><\/p>\n<p>Der Beruf des Ziviltechnikers ist entsprechend dem Ziviltechnikergesetz BGBL156\/94 ein FREIER Beruf, vergleichbar mit dem eines Arztes, Rechtsanwaltes oder Notares. Ziviltechniker arbeiten auf technischen oder naturwissenschaftlichen Fachgebieten aufgrund einer vom Bundesminister f\u00fcr wirtschaftliche Angelegenheiten verliehenen Befugnis. Gem\u00e4\u00df BGBL 156\/94 \u00a74 (3) sind Ziviltechniker mit \u00f6ffentlichem Glauben versehene Personen gem\u00e4\u00df \u00a7 292 der Zivilproze\u00dfordnung, RGBL Nr. 113\/1895, in d.g.F.<\/p>\n<p>Die von Ziviltechnikern im Rahmen ihrer Befugnis ausgestellten \u00f6ffentlichen Urkunden werden von den Verwaltungsbeh\u00f6rden in derselben Weise behandelt, wie wenn diese Urkunden von Beh\u00f6rden ausgefertigt worden w\u00e4ren. Deshalb wird der Ziviltechniker oft auch als \u201etechnischer Notar\u201c bezeichnet.<\/p>\n<p>Der Ziviltechniker ist kraft Gesetz auf dem gesamten Fachgebiet seiner Befugnis zur Erbringung von PLANENDEN, PR\u00dcFENDEN, \u00dcBERWACHENDEN, BERATENDEN, KOORDINIERENDEN und TREUH\u00c4NDISCHEN Leistungen, insbesondere zur Vornahme von MESSUNGEN, zur ERSTELLUNG VON GUTACHTEN, zur berufsm\u00e4\u00dfigen VERTRETUNG VOR BEH\u00d6RDEN und K\u00d6RPERSCHAFTEN \u00f6ffentlichen Rechts, ferner zur \u00dcBERNAHME VON GESAMTPLANUNGS-AUFTR\u00c4GEN berechtigt.<\/p>\n<p>Preise philosophisch<\/p>\n<p>Es gibt kaum etwas auf dieser Welt, das nicht irgend jemand ein wenig schlechter machen und etwas billiger verkaufen k\u00f6nnte, und die Menschen, die sich nur am Preis orientieren, werden die gerechte Beute solcher Machenschaften.<\/p>\n<p>Es ist unklug, zuviel zu bezahlen, aber es ist noch schlechter, zu wenig zu bezahlen. Wenn Sie zu viel bezahlen, verlieren Sie etwas Geld. Das ist alles. Wenn Sie dagegen zu wenig bezahlen, verlieren Sie manchmal alles, da der gekaufte Gegenstand oder die Dienstleistung die zugedachte Aufgabe nicht erf\u00fcllen kann.<\/p>\n<p>Das kapitalistische Gesetz der Wirtschaft verbietet es, f\u00fcr wenig Geld viel Wert zu erhalten.<\/p>\n<p>Nehmen Sie das niedrigste Angebot an, m\u00fcssen Sie f\u00fcr das Risiko, das Sie eingehen etwas hinzurechnen. Und wenn Sie das tun, dann haben Sie auch genug Geld, um f\u00fcr etwas Besseres zu bezahlen.<\/p>\n<p>John Ruskin<\/p>\n<p>eng. Sozialreformer 1819-1900<\/p>\n","protected":false},"excerpt":{"rendered":"<p>Unternehmensprofil Der Beruf des Ziviltechnikers ist entsprechend dem Ziviltechnikergesetz BGBL156\/94 ein FREIER Beruf, vergleichbar mit dem eines Arztes, Rechtsanwaltes oder Notares. Ziviltechniker arbeiten auf technischen oder naturwissenschaftlichen Fachgebieten aufgrund einer vom Bundesminister f\u00fcr wirtschaftliche Angelegenheiten verliehenen Befugnis. Gem\u00e4\u00df BGBL 156\/94 \u00a74 (3) sind Ziviltechniker mit \u00f6ffentlichem Glauben versehene Personen gem\u00e4\u00df \u00a7 292 der Zivilproze\u00dfordnung, RGBL [&hellip;]<\/p>\n","protected":false},"author":1,"featured_media":0,"parent":0,"menu_order":0,"comment_status":"closed","ping_status":"closed","template":"","meta":{"footnotes":""},"class_list":["post-130","page","type-page","status-publish","hentry"],"_links":{"self":[{"href":"http:\/\/dr-wipp.com\/index.php?rest_route=\/wp\/v2\/pages\/130","targetHints":{"allow":["GET"]}}],"collection":[{"href":"http:\/\/dr-wipp.com\/index.php?rest_route=\/wp\/v2\/pages"}],"about":[{"href":"http:\/\/dr-wipp.com\/index.php?rest_route=\/wp\/v2\/types\/page"}],"author":[{"embeddable":true,"href":"http:\/\/dr-wipp.com\/index.php?rest_route=\/wp\/v2\/users\/1"}],"replies":[{"embeddable":true,"href":"http:\/\/dr-wipp.com\/index.php?rest_route=%2Fwp%2Fv2%2Fcomments&post=130"}],"version-history":[{"count":1,"href":"http:\/\/dr-wipp.com\/index.php?rest_route=\/wp\/v2\/pages\/130\/revisions"}],"predecessor-version":[{"id":131,"href":"http:\/\/dr-wipp.com\/index.php?rest_route=\/wp\/v2\/pages\/130\/revisions\/131"}],"wp:attachment":[{"href":"http:\/\/dr-wipp.com\/index.php?rest_route=%2Fwp%2Fv2%2Fmedia&parent=130"}],"curies":[{"name":"wp","href":"https:\/\/api.w.org\/{rel}","templated":true}]}}