{"id":132,"date":"2014-06-04T16:58:27","date_gmt":"2014-06-04T16:58:27","guid":{"rendered":"http:\/\/drwipp.wvps46-163-68-166.dedicated.hosteurope.de\/?page_id=132"},"modified":"2014-06-04T16:58:27","modified_gmt":"2014-06-04T16:58:27","slug":"was-ist-ein-zt","status":"publish","type":"page","link":"http:\/\/dr-wipp.com\/?page_id=132","title":{"rendered":"Was ist ein ZT?"},"content":{"rendered":"<p><span style=\"text-decoration: underline;\">Der Ziviltechniker<\/span><\/p>\n<p>Bereits in der 2. H\u00e4lfte des 19. Jahrhundert wurde per Verordnung (RGBI.Nr. 268 vom 8.Dezember 1860) die gesetzliche Basis f\u00fcr den freien Beruf des Ziviltechnikers geschaffen. Entsprechend den sich st\u00e4ndig \u00e4ndernden technischen und wirtschaftlichen Rahmenbedingungen wurde auch das Berufsrecht der Ziviltechniker st\u00e4ndig weiterentwickelt.<\/p>\n<p>Den vorl\u00e4ufigen Abschluss dieser Entwicklungen bildet das Ziviltechnikergesetz (ZTG 1993, BGBI.NR. 156\/1994), das per 1. Juni 1994 in Kraft getreten ist. Das ZTG 1993 regelt das Berufsrecht aller freiberuflich t\u00e4tigen, staatlich befugten und beeideten Ziviltechniker. Dieses Berufsgesetz sieht die strikte Trennung zwischen Planung und Ausf\u00fchrung vor und erm\u00f6glicht erstmals die Aus\u00fcbung der Ziviltechnikerbefugnis in Form von Ziviltechnikergesellschaften. Weiters wurden auch die notwendigen Regelungen zur Umsetzung des EU-Rechtes (Dienstleistungs- und Niederlassungsfreiheit) getroffen.<\/p>\n<p><span style=\"text-decoration: underline;\">1. Definition des Ziviltechnikers <\/span><\/p>\n<p>Staatlich befugte und beeidete Ziviltechniker sind nat\u00fcrliche Personen, die auf<\/p>\n<p>&#8211; technischen<\/p>\n<p>&#8211; naturwissenschaftlichen<\/p>\n<p>&#8211; montanistischen Fachgebieten oder<\/p>\n<p>&#8211; Fachgebieten der Bodenkultur<\/p>\n<p>aufgrund einer vom Bundesminister f\u00fcr Wirtschaft und Arbeit verliehenen Befugnis freiberuflich t\u00e4tig sind. Die genannten Fachgebiete (siehe Anhang) umfassen fast vierzig verschiedene Befugnisse.<\/p>\n<p>Die Einteilung der Ziviltechniker erfolgt in Architekten und &gt; Ingenieurkonsulenten<\/p>\n<p>In der Bezeichnung der Befugnis kommt das entsprechende Fachgebiet zum Ausdruck (Beispiele f\u00fcr Berufsbezeichnungen: Architekt, Ingenieurkonsulent f\u00fcr Bauingenieurwesen, Ingenieurkonsulent f\u00fcr Vermessungswesen &#8230;. ).<\/p>\n<p>Bis 31. Mai 1994 wurde auch die Befugnis eines Zivilingenieurs verliehen.<\/p>\n<p>Als \u00e4u\u00dferes Zeichen der staatlichen Befugnis und Beeidigung f\u00fchren Ziviltechniker ein Siegel, das das Bundeswappen der Republik \u00d6sterreich wiedergibt und auf allen von Ziviltechnikern erstellten \u00f6ffentlichen Urkunden anzubringen ist. Ziviltechniker sind auch berechtigt, auf Gesch\u00e4ftspapieren das Bundeswappen zu f\u00fchren.<\/p>\n<p><span style=\"text-decoration: underline;\">2. Umfang der Ziviltechnikerbefugnis <\/span><\/p>\n<p>Ziviltechniker sind auf dem gesamten, von ihrer Befugnis umfassten Fachgebiet zur Erbringung von<\/p>\n<p>&#8211; plandenden<\/p>\n<p>&#8211; pr\u00fcfenden<\/p>\n<p>&#8211; \u00fcberwachenden<\/p>\n<p>&#8211; beratenden<\/p>\n<p>&#8211; koordinierenden<\/p>\n<p>treuh\u00e4nderischen Leistungen, insbesondere zur<\/p>\n<p>Vornahme von Messungen<\/p>\n<p><strong><span style=\"text-decoration: underline;\">Einf\u00fchrung<\/span><\/strong><\/p>\n<p>&#8211; Erstellung von Gutachten<\/p>\n<p>&#8211; berufsm\u00e4\u00dfigen Vertretung vor Beh\u00f6rden und K\u00f6rperschaften \u00f6ffentlichen Rechtes und<\/p>\n<p>&#8211; zur \u00dcbernahme von Gesamtplanungsauftr\u00e4gen, sofern wichtige Teile der Arbeiten dem Fachgebiet des Ziviltechnikers zukommen, berechtigt.<\/p>\n<p>Zivilingenieure sind \u00fcberdies im Rahmen ihres Fachgebietes zu ausf\u00fchrenden T\u00e4tigkeiten berechtigt. Weiters darf die Befugnis eines Zivilingenieurs auch w\u00e4hrend der Dauer eines privaten Dienstverh\u00e4ltnisses ausge\u00fcbt werden.<\/p>\n<p><strong><span style=\"text-decoration: underline;\">3. Aufrechte und ruhende Befugnis<\/span><\/strong><\/p>\n<p>Au\u00dfer in den F\u00e4llen des ex-lege-Ruhens der Befugnis k\u00f6nnen Ziviltechniker jederzeit nach Ablegung des Eides ihre Befugnis ruhen lassen. Sie haben dies ihrer zust\u00e4ndigen L\u00e4nderkammer innerhalb von zwei Wochen bekannt zu geben.<\/p>\n<p>Die Wiederaufnahme der Aus\u00fcbung der Befugnis ist durch schriftliche Anzeige bei der zust\u00e4ndigen L\u00e4nderkammer jederzeit mit sofortiger Wirkung m\u00f6glich.<\/p>\n<p><strong><span style=\"text-decoration: underline;\">4. Der Ziviltechniker als \u00f6ffentliche Urkundsperson<\/span><\/strong><\/p>\n<p>Ziviltechniker sind \u00f6ffentliche Urkundspersonen gem\u00e4\u00df \u00a7 292 Zivilprozessordnung und daher im Rahmen ihrer Befugnis zur Errichtung \u00f6ffentlicher Urkunden berechtigt. Diese \u00f6ffentlichen Urkunden werden von den Verwaltungsbeh\u00f6rden in derselben Weise angese\u00achen, als wenn diese Urkunden von Beh\u00f6rden ausgefertigt w\u00e4ren. Sie sind mit dem Siegel des Ziviltechnikers zu fertigen.<\/p>\n<p><strong><span style=\"text-decoration: underline;\">5. Spektrum der Bereiche, in denen Ziviltechniker t\u00e4tig sind<\/span><\/strong><\/p>\n<p>Im Rahmen ihrer Befugnis sind Ziviltechniker als h\u00f6chstqualifizierte, unabh\u00e4ngige Experten<\/p>\n<p>in einem breiten Spektrum t\u00e4tig.<\/p>\n<p>Einige T\u00e4tigkeitsbereiche seien exemplarisch angef\u00fchrt:<\/p>\n<p>Verfassung von Projekten, Pl\u00e4nen (Vorentwurf bis Detailplanung), Leistungs\u00acverzeichnissen und Voranschl\u00e4gen<\/p>\n<p>Durchf\u00fchrung von Tragwerksplanungen<\/p>\n<p>Erstellung von Verkehrsplanungen<\/p>\n<p>Planungen auf dem Gebiet der Wasserver- und Abwasserentsorgung, sowie der Abfallbeseitigung<\/p>\n<p>Erstellung von Raumplanungskonzepten, Landschaftsplanungen etc.<\/p>\n<p>Planungen im Bereich der L\u00fcftungs-, Klima-, K\u00e4lte-, Me\u00df- und Regelungstechnik<\/p>\n<p>Planungen im elektrotechnischen Bereich<\/p>\n<p>Erstellung von Ausschreibungsunterlagen<\/p>\n<p>Projektmanagement<\/p>\n","protected":false},"excerpt":{"rendered":"<p>Der Ziviltechniker Bereits in der 2. H\u00e4lfte des 19. Jahrhundert wurde per Verordnung (RGBI.Nr. 268 vom 8.Dezember 1860) die gesetzliche Basis f\u00fcr den freien Beruf des Ziviltechnikers geschaffen. Entsprechend den sich st\u00e4ndig \u00e4ndernden technischen und wirtschaftlichen Rahmenbedingungen wurde auch das Berufsrecht der Ziviltechniker st\u00e4ndig weiterentwickelt. Den vorl\u00e4ufigen Abschluss dieser Entwicklungen bildet das Ziviltechnikergesetz (ZTG 1993, [&hellip;]<\/p>\n","protected":false},"author":1,"featured_media":0,"parent":0,"menu_order":0,"comment_status":"closed","ping_status":"closed","template":"","meta":{"footnotes":""},"class_list":["post-132","page","type-page","status-publish","hentry"],"_links":{"self":[{"href":"http:\/\/dr-wipp.com\/index.php?rest_route=\/wp\/v2\/pages\/132","targetHints":{"allow":["GET"]}}],"collection":[{"href":"http:\/\/dr-wipp.com\/index.php?rest_route=\/wp\/v2\/pages"}],"about":[{"href":"http:\/\/dr-wipp.com\/index.php?rest_route=\/wp\/v2\/types\/page"}],"author":[{"embeddable":true,"href":"http:\/\/dr-wipp.com\/index.php?rest_route=\/wp\/v2\/users\/1"}],"replies":[{"embeddable":true,"href":"http:\/\/dr-wipp.com\/index.php?rest_route=%2Fwp%2Fv2%2Fcomments&post=132"}],"version-history":[{"count":1,"href":"http:\/\/dr-wipp.com\/index.php?rest_route=\/wp\/v2\/pages\/132\/revisions"}],"predecessor-version":[{"id":133,"href":"http:\/\/dr-wipp.com\/index.php?rest_route=\/wp\/v2\/pages\/132\/revisions\/133"}],"wp:attachment":[{"href":"http:\/\/dr-wipp.com\/index.php?rest_route=%2Fwp%2Fv2%2Fmedia&parent=132"}],"curies":[{"name":"wp","href":"https:\/\/api.w.org\/{rel}","templated":true}]}}