{"id":134,"date":"2014-06-04T16:59:31","date_gmt":"2014-06-04T16:59:31","guid":{"rendered":"http:\/\/drwipp.wvps46-163-68-166.dedicated.hosteurope.de\/?page_id=134"},"modified":"2014-06-10T05:34:57","modified_gmt":"2014-06-10T05:34:57","slug":"geschichte","status":"publish","type":"page","link":"http:\/\/dr-wipp.com\/?page_id=134","title":{"rendered":"Geschichte des Unternehmens"},"content":{"rendered":"<p><span style=\"text-decoration: underline;\">Geschichte des Unternehmens<br \/>\n<\/span><\/p>\n<p>1978: Dr. Gerhard Wipp legt die Ziviltechnikerpr\u00fcfung ab.<\/p>\n<p>1980: Gr\u00fcndung der Zivilingenieurkanzlei f\u00fcr Maschinenbau durch Dr. Gerhard Wipp<\/p>\n","protected":false},"excerpt":{"rendered":"<p>Geschichte des Unternehmens 1978: Dr. Gerhard Wipp legt die Ziviltechnikerpr\u00fcfung ab. 1980: Gr\u00fcndung der Zivilingenieurkanzlei f\u00fcr Maschinenbau durch Dr. Gerhard Wipp<\/p>\n","protected":false},"author":1,"featured_media":0,"parent":0,"menu_order":0,"comment_status":"closed","ping_status":"closed","template":"","meta":{"footnotes":""},"class_list":["post-134","page","type-page","status-publish","hentry"],"_links":{"self":[{"href":"http:\/\/dr-wipp.com\/index.php?rest_route=\/wp\/v2\/pages\/134","targetHints":{"allow":["GET"]}}],"collection":[{"href":"http:\/\/dr-wipp.com\/index.php?rest_route=\/wp\/v2\/pages"}],"about":[{"href":"http:\/\/dr-wipp.com\/index.php?rest_route=\/wp\/v2\/types\/page"}],"author":[{"embeddable":true,"href":"http:\/\/dr-wipp.com\/index.php?rest_route=\/wp\/v2\/users\/1"}],"replies":[{"embeddable":true,"href":"http:\/\/dr-wipp.com\/index.php?rest_route=%2Fwp%2Fv2%2Fcomments&post=134"}],"version-history":[{"count":2,"href":"http:\/\/dr-wipp.com\/index.php?rest_route=\/wp\/v2\/pages\/134\/revisions"}],"predecessor-version":[{"id":306,"href":"http:\/\/dr-wipp.com\/index.php?rest_route=\/wp\/v2\/pages\/134\/revisions\/306"}],"wp:attachment":[{"href":"http:\/\/dr-wipp.com\/index.php?rest_route=%2Fwp%2Fv2%2Fmedia&parent=134"}],"curies":[{"name":"wp","href":"https:\/\/api.w.org\/{rel}","templated":true}]}}