{"id":27,"date":"2014-06-04T12:48:56","date_gmt":"2014-06-04T12:48:56","guid":{"rendered":"http:\/\/drwipp.wvps46-163-68-166.dedicated.hosteurope.de\/?page_id=27"},"modified":"2025-10-13T16:20:44","modified_gmt":"2025-10-13T15:20:44","slug":"impressum","status":"publish","type":"page","link":"http:\/\/dr-wipp.com\/?page_id=27","title":{"rendered":"Impressum"},"content":{"rendered":"\n<p><mark style=\"background-color:rgba(0, 0, 0, 0)\" class=\"has-inline-color has-vivid-red-color\"><strong>Die ZT-KANZLEI wurde mit 31.12.2023 geschlossen und die Befugnis Ruhend gestellt<\/strong><\/mark>.<\/p>\n\n\n\n<p><\/p>\n\n\n\n<p>Ehngasse 12<\/p>\n\n\n\n<p>1230 Wien<\/p>\n\n\n\n<p>\u00d6sterreich<\/p>\n\n\n\n<p>Telefon: 0043 (0) 1\/ 869 33 90<\/p>\n\n\n\n<p>Fax: 0043 (0) 1\/ 869 33 90 &#8211; 25<\/p>\n\n\n\n<p>E-Mail:<a href=\"&quot;mailto:office@dr-wipp.com\">office@dr-wipp.com<\/a><\/p>\n\n\n\n<p>Dipl.-Ing. Dr. techn. Gerhard WIPP <a href=\"&quot;mailto:dr.wipp@dr-wipp.com\">dr.wipp@dr-wipp.at<\/a><\/p>\n\n\n\n<p><span style=\"text-decoration: underline;\">Gesch\u00e4ftsf\u00fchrung:<\/span><\/p>\n\n\n\n<p>UID-Nr.:-<\/p>\n\n\n\n<p>T\u00e4tigkeitsbereich: Zivilingenieurb\u00fcro f\u00fcr Maschinenbau<\/p>\n\n\n\n<p>Der Sachverst\u00e4ndige ist Mitglied der Kammer der Architekten und Ingenieurkonsulenten.&nbsp; Die Befugnis wurde mir vom zust\u00e4ndigen Bundesminister&nbsp; mit Zahl&nbsp;&nbsp; 316.497\/2-I\/4\/1980 vom 23. Mai 1980 verliehen.<\/p>\n\n\n\n<p>Alle Rechte vorbehalten \u00a9 Prof. Dipl.-Ing. Dr.techn. Gerhard Wipp \u2013 insbesondere das Herauskopieren von verschiedernen Inhalten und eine Vervielf\u00e4ltigung ist ohne schriftliche Zustimmung des Autors&nbsp; nicht zul\u00e4ssig.<\/p>\n","protected":false},"excerpt":{"rendered":"<p>Die ZT-KANZLEI wurde mit 31.12.2023 geschlossen und die Befugnis Ruhend gestellt. Ehngasse 12 1230 Wien \u00d6sterreich Telefon: 0043 (0) 1\/ 869 33 90 Fax: 0043 (0) 1\/ 869 33 90 &#8211; 25 E-Mail:office@dr-wipp.com Dipl.-Ing. Dr. techn. Gerhard WIPP dr.wipp@dr-wipp.at Gesch\u00e4ftsf\u00fchrung: UID-Nr.:- T\u00e4tigkeitsbereich: Zivilingenieurb\u00fcro f\u00fcr Maschinenbau Der Sachverst\u00e4ndige ist Mitglied der Kammer der Architekten und Ingenieurkonsulenten.&nbsp; [&hellip;]<\/p>\n","protected":false},"author":1,"featured_media":0,"parent":0,"menu_order":0,"comment_status":"closed","ping_status":"closed","template":"","meta":{"footnotes":""},"class_list":["post-27","page","type-page","status-publish","hentry"],"_links":{"self":[{"href":"http:\/\/dr-wipp.com\/index.php?rest_route=\/wp\/v2\/pages\/27","targetHints":{"allow":["GET"]}}],"collection":[{"href":"http:\/\/dr-wipp.com\/index.php?rest_route=\/wp\/v2\/pages"}],"about":[{"href":"http:\/\/dr-wipp.com\/index.php?rest_route=\/wp\/v2\/types\/page"}],"author":[{"embeddable":true,"href":"http:\/\/dr-wipp.com\/index.php?rest_route=\/wp\/v2\/users\/1"}],"replies":[{"embeddable":true,"href":"http:\/\/dr-wipp.com\/index.php?rest_route=%2Fwp%2Fv2%2Fcomments&post=27"}],"version-history":[{"count":8,"href":"http:\/\/dr-wipp.com\/index.php?rest_route=\/wp\/v2\/pages\/27\/revisions"}],"predecessor-version":[{"id":411,"href":"http:\/\/dr-wipp.com\/index.php?rest_route=\/wp\/v2\/pages\/27\/revisions\/411"}],"wp:attachment":[{"href":"http:\/\/dr-wipp.com\/index.php?rest_route=%2Fwp%2Fv2%2Fmedia&parent=27"}],"curies":[{"name":"wp","href":"https:\/\/api.w.org\/{rel}","templated":true}]}}