{"id":56,"date":"2014-06-04T15:59:04","date_gmt":"2014-06-04T15:59:04","guid":{"rendered":"http:\/\/drwipp.wvps46-163-68-166.dedicated.hosteurope.de\/?page_id=56"},"modified":"2015-02-26T11:00:55","modified_gmt":"2015-02-26T10:00:55","slug":"sicherheitstechnische-uberprufungen","status":"publish","type":"page","link":"http:\/\/dr-wipp.com\/?page_id=56","title":{"rendered":"Sicherheitstechnische \u00dcberpr\u00fcfungen"},"content":{"rendered":"<p><a title=\"\u00dcberpr\u00fcfungen von Hebezeugen\" href=\"http:\/\/dr-wipp.com\/?page_id=62\">\u00dcberpr\u00fcfungen von Hebezeugen<\/a><\/p>\n<p><a title=\"Abnahmepr\u00fcfungen\" href=\"http:\/\/dr-wipp.com\/?page_id=65\">Abnahmepr\u00fcfungen<\/a><\/p>\n<p><a title=\"Wiederkehrende \u00dcberpr\u00fcfungen\" href=\"http:\/\/dr-wipp.com\/?page_id=68\">Wiederkehrende \u00dcberpr\u00fcfungen<\/a><\/p>\n<p><a title=\"Weitere Leistungen\" href=\"http:\/\/dr-wipp.com\/?page_id=70\">Weitere Leistungen<\/a><\/p>\n","protected":false},"excerpt":{"rendered":"<p>\u00dcberpr\u00fcfungen von Hebezeugen Abnahmepr\u00fcfungen Wiederkehrende \u00dcberpr\u00fcfungen Weitere Leistungen<\/p>\n","protected":false},"author":1,"featured_media":0,"parent":10,"menu_order":0,"comment_status":"closed","ping_status":"closed","template":"","meta":{"footnotes":""},"class_list":["post-56","page","type-page","status-publish","hentry"],"_links":{"self":[{"href":"http:\/\/dr-wipp.com\/index.php?rest_route=\/wp\/v2\/pages\/56","targetHints":{"allow":["GET"]}}],"collection":[{"href":"http:\/\/dr-wipp.com\/index.php?rest_route=\/wp\/v2\/pages"}],"about":[{"href":"http:\/\/dr-wipp.com\/index.php?rest_route=\/wp\/v2\/types\/page"}],"author":[{"embeddable":true,"href":"http:\/\/dr-wipp.com\/index.php?rest_route=\/wp\/v2\/users\/1"}],"replies":[{"embeddable":true,"href":"http:\/\/dr-wipp.com\/index.php?rest_route=%2Fwp%2Fv2%2Fcomments&post=56"}],"version-history":[{"count":5,"href":"http:\/\/dr-wipp.com\/index.php?rest_route=\/wp\/v2\/pages\/56\/revisions"}],"predecessor-version":[{"id":383,"href":"http:\/\/dr-wipp.com\/index.php?rest_route=\/wp\/v2\/pages\/56\/revisions\/383"}],"up":[{"embeddable":true,"href":"http:\/\/dr-wipp.com\/index.php?rest_route=\/wp\/v2\/pages\/10"}],"wp:attachment":[{"href":"http:\/\/dr-wipp.com\/index.php?rest_route=%2Fwp%2Fv2%2Fmedia&parent=56"}],"curies":[{"name":"wp","href":"https:\/\/api.w.org\/{rel}","templated":true}]}}