{"id":68,"date":"2014-06-04T16:06:34","date_gmt":"2014-06-04T16:06:34","guid":{"rendered":"http:\/\/drwipp.wvps46-163-68-166.dedicated.hosteurope.de\/?page_id=68"},"modified":"2014-06-04T16:06:34","modified_gmt":"2014-06-04T16:06:34","slug":"wiederkehrende-uberprufungen","status":"publish","type":"page","link":"http:\/\/dr-wipp.com\/?page_id=68","title":{"rendered":"Wiederkehrende \u00dcberpr\u00fcfungen"},"content":{"rendered":"<p><span style=\"text-decoration: underline;\">Wiederkehrende \u00dcberpr\u00fcfungen<\/span><\/p>\n<p>Selbstverst\u00e4ndlich f\u00fchren wir auch die vorgeschriebenen j\u00e4hrlichen Sicherheits\u00fcberpr\u00fcfun-gen f\u00fcr Sie durch und geben Ihnen als unabh\u00e4ngige Berater wichtige Hinweise von Abn\u00fct-zungserscheinungen Ihrer Anlagen, um rechtzeitig teure Ausf\u00e4lle vermeiden zu k\u00f6nnen. Durch unsere unabh\u00e4ngige Position haben Sie die Gew\u00e4hr, da\u00df im Zuge von Sicherheits-\u00fcberpr\u00fcfungen vor allem die Anlagensicherheit unabh\u00e4ngig von Herstellerinteressen im Vordergrund steht. Dar\u00fcber hinaus geben wir Ihnen auch wichtige Hinweise \u00fcber den technischen Allgemeinzustand und die Verf\u00fcgbarkeit Ihrer Anlage.<\/p>\n<p>Unser Team k\u00fcmmert sich f\u00fcr Sie selbstst\u00e4ndig um die Einhaltung der periodisch vorgeschriebe-nen Pr\u00fcfintervalle, h\u00e4lt die technischen Daten der Anlagen (Stammdaten) in Evidenz und aktuali-siert diese laufend bei \u00c4nderungen.<\/p>\n<p>Durch unsere vielf\u00e4ltigen Erfahrungen auf diesem Gebiet sind wir mit Sicherheit ein Gewinn f\u00fcr Sie und Ihre Anlagen. Unsere Unabh\u00e4ngigkeit von Wartungs- und Reparaturfirmen gibt Ihnen die Sicherheit, da\u00df wir nur den Zustand Ihrer Anlage nach sachlichen Gesichtspunkten beurteilen.<\/p>\n","protected":false},"excerpt":{"rendered":"<p>Wiederkehrende \u00dcberpr\u00fcfungen Selbstverst\u00e4ndlich f\u00fchren wir auch die vorgeschriebenen j\u00e4hrlichen Sicherheits\u00fcberpr\u00fcfun-gen f\u00fcr Sie durch und geben Ihnen als unabh\u00e4ngige Berater wichtige Hinweise von Abn\u00fct-zungserscheinungen Ihrer Anlagen, um rechtzeitig teure Ausf\u00e4lle vermeiden zu k\u00f6nnen. Durch unsere unabh\u00e4ngige Position haben Sie die Gew\u00e4hr, da\u00df im Zuge von Sicherheits-\u00fcberpr\u00fcfungen vor allem die Anlagensicherheit unabh\u00e4ngig von Herstellerinteressen im Vordergrund steht. [&hellip;]<\/p>\n","protected":false},"author":1,"featured_media":0,"parent":0,"menu_order":0,"comment_status":"closed","ping_status":"closed","template":"","meta":{"footnotes":""},"class_list":["post-68","page","type-page","status-publish","hentry"],"_links":{"self":[{"href":"http:\/\/dr-wipp.com\/index.php?rest_route=\/wp\/v2\/pages\/68","targetHints":{"allow":["GET"]}}],"collection":[{"href":"http:\/\/dr-wipp.com\/index.php?rest_route=\/wp\/v2\/pages"}],"about":[{"href":"http:\/\/dr-wipp.com\/index.php?rest_route=\/wp\/v2\/types\/page"}],"author":[{"embeddable":true,"href":"http:\/\/dr-wipp.com\/index.php?rest_route=\/wp\/v2\/users\/1"}],"replies":[{"embeddable":true,"href":"http:\/\/dr-wipp.com\/index.php?rest_route=%2Fwp%2Fv2%2Fcomments&post=68"}],"version-history":[{"count":1,"href":"http:\/\/dr-wipp.com\/index.php?rest_route=\/wp\/v2\/pages\/68\/revisions"}],"predecessor-version":[{"id":69,"href":"http:\/\/dr-wipp.com\/index.php?rest_route=\/wp\/v2\/pages\/68\/revisions\/69"}],"wp:attachment":[{"href":"http:\/\/dr-wipp.com\/index.php?rest_route=%2Fwp%2Fv2%2Fmedia&parent=68"}],"curies":[{"name":"wp","href":"https:\/\/api.w.org\/{rel}","templated":true}]}}