{"id":8,"date":"2014-06-04T12:42:31","date_gmt":"2014-06-04T12:42:31","guid":{"rendered":"http:\/\/drwipp.wvps46-163-68-166.dedicated.hosteurope.de\/?page_id=8"},"modified":"2025-10-13T17:18:52","modified_gmt":"2025-10-13T16:18:52","slug":"startseit","status":"publish","type":"page","link":"http:\/\/dr-wipp.com\/","title":{"rendered":"Startseite"},"content":{"rendered":"<section class=\"container\"><\/p>\n<p><section class=\"one \"><\/p>\n<p><\/section><\/p>\n<h3><em><strong>Die ZT-KANZLEI wurde am 31.12.2023 geschlossen und die Befugnis ruhend gelegt.<\/strong><\/em><\/h3>\n<h3><em><strong>Ich danke allen meinen Kunden f\u00fcr die langj\u00e4hrige Zusammenarbeit.<\/strong><\/em><\/h3>\n<h3><em><strong>F\u00fcr Anfragen k\u00f6nnen Sie sich gerne an das technische B\u00fcro &#8222;TB WIPP GmbH&#8220; wenden (<a href=\"https:\/\/www.tb-wipp.com\">www.tb-wipp.com<\/a>).<\/strong><\/em><\/h3>\n<p><section class=\"one-third \"><\/p>\n<p><div class=\"img-holder\">\n\t          <i class=\"icon-cog\"><\/i>\n\t\t\t  <\/div><div class=\"feature-text\">\n\t         <\/p>\n<h4><a title=\"Sicherheitstechnische \u00dcberpr\u00fcfungen\" href=\"http:\/\/dr-wipp.com\/?page_id=56\">Sicherheitstechnische \u00dcberpr\u00fcfungen<\/a><\/h4>\n<p>Der Ankauf oder der Umbau technischer Anlagen und im besonderen von Hebezeugen haben Konsequenzen sowohl in Hinblick auf die Produktivit\u00e4t als auch auf Betriebssicherheit, Anlagenverf\u00fcgbarkeit, Wartung und Instandhaltung.<\/p>\n<p><\/div><\/p>\n<p><\/section><\/p>\n<p><section class=\"one-third \"><\/p>\n<p><div class=\"img-holder\">\n\t          <i class=\"icon-cogs\"><\/i>\n\t\t\t  <\/div><div class=\"feature-text\">\n\t         <\/p>\n<h4><a title=\"Gutachten\" href=\"http:\/\/dr-wipp.com\/?page_id=72\">Sachverst\u00e4ndigen-T\u00e4tigkeit \u2013 Gutachtenerstellung<\/a><\/h4>\n<p>Sehr oft wird der Ziviltechniker f\u00fcr Maschinenbau als Sachverst\u00e4ndiger herangezogen, sei es als allgemein gerichtlich beeideter Sachverst\u00e4ndiger von den Gerichten sowohl in Zivil- als auch in Strafrechtsverfahren oder als Privatsachvert\u00e4ndiger besonders von den Versicherungen.<\/p>\n<p><\/div><\/p>\n<p><\/section><\/p>\n<p><section class=\"one-third last\"><\/p>\n<p><div class=\"img-holder\">\n\t          <i class=\"icon-wrench\"><\/i>\n\t\t\t  <\/div><div class=\"feature-text\">\n\t         <\/p>\n<h4><a title=\"Beratende T\u00e4tigkeit\" href=\"http:\/\/dr-wipp.com\/?page_id=76\">Beratende T\u00e4tigkeit<\/a><\/h4>\n<p>H\u00e4ufig werden Ziviltechniker f\u00fcr Maschinenbau als Berater herangezogen, dies besonders von Industrie- und Gewerbebetrieben.<\/p>\n<p><\/div><\/p>\n<p><\/section><\/p>\n<p><div class=\"horizontal-line\">\n\t\t\t\t<\/div><\/p>\n<p><section class=\"one-third \"><div class=\"service-item\">\n\t           <p>\n\t\t\t   <img decoding=\"async\" src=\"wp-content\/uploads\/2014\/06\/Stapler-KL32.jpg\" alt=\" \">\n\t\t\t   <\/p>\n\t\t\t   \n\t\t\t   <\/div><\/p>\n<h4><a href=\"?page_id=107\">Stapler<\/a><\/h4>\n<p>Ich biete Ihnen Wochen- und Wochenendkurse f\u00fcr die Ausbildung zum gepr\u00fcften Staplerfahrer an. Kurse finden immer dann statt, wenn mindestens 14 Anmeldungen vorliegen. Bitte reservieren Sie sich Ihren Ausbildungstermin..<\/section><\/p>\n<p><section class=\"one-third \"><div class=\"service-item\">\n\t           <p>\n\t\t\t   <img decoding=\"async\" src=\"wp-content\/uploads\/2014\/06\/Laufkran24.jpg\" alt=\" \">\n\t\t\t   <\/p>\n\t\t\t   \n\t\t\t   <\/div><\/p>\n<h4><a href=\"?page_id=109\">Krane<\/a><\/h4>\n<p>In Tageskursen w\u00e4hrend der Arbeitszeit und in Wochenendkurse k\u00f6nnen Sie die Ausbildung zum gepr\u00fcften Kranfahrer erhalten. Die Kurse finden immer dann statt, wenn mindestens 14 Anmeldungen vorliegen. Bitte reservieren Sie sich Ihren Ausbildungstermin gleich..<\/section><\/p>\n<p><section class=\"one-third last\"><div class=\"service-item\">\n\t           <p>\n\t\t\t   <img decoding=\"async\" src=\"wp-content\/uploads\/2014\/06\/DSCN63982.jpg\" alt=\" \">\n\t\t\t   <\/p>\n\t\t\t   \n\t\t\t   <\/div><\/p>\n<h4><a href=\"?page_id=112\">Baggerfahrerpr\u00fcfungen<\/a><\/h4>\n<p>Baggerf\u00fchrerpr\u00fcfung.<\/section><\/p>\n<p><\/section>\n<p>&nbsp;<\/p>\n","protected":false},"excerpt":{"rendered":"<p>&nbsp;<\/p>\n","protected":false},"author":1,"featured_media":0,"parent":0,"menu_order":0,"comment_status":"closed","ping_status":"closed","template":"homepage.php","meta":{"footnotes":""},"class_list":["post-8","page","type-page","status-publish","hentry"],"_links":{"self":[{"href":"http:\/\/dr-wipp.com\/index.php?rest_route=\/wp\/v2\/pages\/8","targetHints":{"allow":["GET"]}}],"collection":[{"href":"http:\/\/dr-wipp.com\/index.php?rest_route=\/wp\/v2\/pages"}],"about":[{"href":"http:\/\/dr-wipp.com\/index.php?rest_route=\/wp\/v2\/types\/page"}],"author":[{"embeddable":true,"href":"http:\/\/dr-wipp.com\/index.php?rest_route=\/wp\/v2\/users\/1"}],"replies":[{"embeddable":true,"href":"http:\/\/dr-wipp.com\/index.php?rest_route=%2Fwp%2Fv2%2Fcomments&post=8"}],"version-history":[{"count":32,"href":"http:\/\/dr-wipp.com\/index.php?rest_route=\/wp\/v2\/pages\/8\/revisions"}],"predecessor-version":[{"id":416,"href":"http:\/\/dr-wipp.com\/index.php?rest_route=\/wp\/v2\/pages\/8\/revisions\/416"}],"wp:attachment":[{"href":"http:\/\/dr-wipp.com\/index.php?rest_route=%2Fwp%2Fv2%2Fmedia&parent=8"}],"curies":[{"name":"wp","href":"https:\/\/api.w.org\/{rel}","templated":true}]}}